(62 + -69).
-11
Evaluate 0 + 3 + 7 + -22.
-12
Calculate 6 - (-5 - (1 - (10 - -1)) - 19).
20
What is (-14 - (-55 + 17) - 2) + -6?
16
What is 33 - (-6 - (-18 - (-11 - -7)))?
25
What is (8 - 6) + (15 - 6) + -10?
1
(-27 - (-48 - -22)) + 7
6
Calculate 0 + -4 + -4 - (-8 + -3).
3
What is the value of (-573 - -562) + -1 + (5 + 0 - 1)?
-8
5 + 31 + -53 + 48
31
What is the value of -82 - -80 - (0 - -7)?
-9
Calculate -23 + (20 - 7) - -16.
6
Calculate (26 - -1) + (-34 - (-36 - -7)).
22
Calculate -12 + (12 - -11) + -5.
6
Evaluate 10 - (-19 - (23 + -38)).
14
Calculate 1 + 16 + -15 + 0 + -1 + -11.
-10
Evaluate 32 + 20 + -13 + -19.
20
What is the value of -13 - (11 + (-20 - -11))?
-15
What is the value of (31 - (93 + -30)) + 3 + -4 + 4?
-29
Evaluate 7 - (6 + -2) - -2 - -7.
12
What is -11 + (3 - 9 - -26) + -23?
-14
What is 8 + -9 + 29 + -46?
-18
What is -5 + -4 + 1 + 0 + 6 + 14?
12
What is the value of 1499 + -1497 + (-1 - (-1 - 1))?
3
Calculate 20 + (-11 - (-5 - -4)).
10
What is 14 - (-2 - (-10 - (-29 + 10)))?
25
Evaluate (-2 - 13) + (-47 - (-4 + -30)).
-28
Evaluate 1 + -3 - (129 + -123).
-8
1 - (-1 - (-13 + 0 + -1 - -5))
-7
Calculate 2 + 3 + 2 - -6.
13
Evaluate 3 - 2 - (12 + -9).
-2
Evaluate -10 - ((31 - 8) + -45).
12
Calculate 1 + 10 + (33 - (67 - 37)).
14
What is -6 - (5 + (-10 - 1) - (0 - 3))?
-3
What is -97 - -86 - (-2 + 1 + 0)?
-10
What is the value of 0 + -6 + 10 + -2 + -21?
-19
(21 - 13) + 10 + -1 - 13
4
What is the value of 0 + -12 - -10 - (1 - (-2 + 2))?
-3
-13 + 7 - -9 - (-14 - (1 + -1))
17
Calculate 3 + (15 - 0 - (-7 + 7)).
18
What is -13 - -10 - (-43 + 29)?
11
Evaluate (6 - 15) + (-1 - -11).
1
What is the value of (3 - (3 - 15)) + 1 - (-8 + 8)?
16
(2 - 14) + -101 + 122 - -14
23
(-7 - 17 - -12) + 17
5
What is the value of -10 + -3 + (5 - -3) - (1 + -17)?
11
What is the value of 273 - 279 - (1 - 13)?
6
What is the value of -6 + (-3 - -4) + (20 - 6 - -2)?
11
What is the value of 35 + -1 + (-29 - -7) + -23 + 38?
27
-13 + (-7 + -14 - -16)
-18
Evaluate 12 + -23 + (0 - (16 + -5)) + 9.
-13
Calculate 10 + -13 + (9 - -2 - 4) + -7.
-3
5 - (1 + (8 - (15 + 0)))
11
Calculate 18 + 0 + (-56 - (43 - 49)).
-32
Calculate -9 + 2 - ((-1 - -8 - 16) + -14).
16
Calculate -7 + -1 - -11 - 8.
-5
What is (0 - 1) + -26 - (-8 + (101 - 101))?
-19
What is the value of (0 - 11) + (40 - 34) + (-1 - 1)?
-7
Calculate (-7 - -3) + 3 - (3 - -3).
-7
What is the value of -40 + (-23 - -35) + 41?
13
What is (-4 - 3) + 57 + -40?
10
What is 4 + -8 + 1 + 0 + -40 + 40?
-3
Calculate -19 - ((2 - -10) + -20) - (3 + -1).
-13
Evaluate (46 - 31) + 9 + -11 + 1.
14
What is 1 + 12 + -13 + -4 + (26 - 10)?
12
Calculate 20 + (-20 - -12) + -29.
-17
What is 3 + -21 - (0 + -3) - -5?
-10
What is 4 - 1 - ((0 - -4) + 0 + -2)?
1
What is the value of -40 + -12 + 37 + -21?
-36
Evaluate -6 + (49 - (24 + 2)).
17
What is the value of 4 + -13 - (0 + -31 - -2) - 6?
14
What is the value of -5 + -24 + 35 - 26?
-20
-13 - (-6 + -5 - (9 - 12))
-5
Calculate -2 + (1 - -6) + -2.
3
8 + -1 - (-3 + 3)
7
Evaluate (-4 - (-27 + 11)) + 16 + -10.
18
1 - 0 - (-18 - (-2 + -13))
4
Evaluate 1406 + -1407 - (43 + (0 - 2)).
-42
What is the value of -26 + -8 - -30 - (-14 - -1 - 2)?
11
Calculate (-8 - (-5 - -6)) + (-8 + 2 - -5).
-10
-27 - (-10 - -15 - (3 + (0 - -3)))
-26
What is the value of -11 + (-7 + 49 - 20)?
11
Calculate (-1 - 18) + (-55 - (-1 + -44)).
-29
Calculate -2 + -9 - (25 - (12 - -16)).
-8
What is the value of -12 + 5 + 25 - (20 + -9)?
7
What is the value of (-28 - -39) + (2 + -4 - 6)?
3
Evaluate -1 + -4 + 4 + 9 + 8 + -2.
14
(-1 - -5) + -3 - ((3 - 10) + -2)
10
What is (-233 - -226) + (20 - (6 + -2))?
9
-14 - (14 + -9) - -1
-18
What is 1 - (10 - 1) - ((3 - -13) + 5)?
-29
What is the value of -14 - ((-37 - -40) + 3 + -10)?
-10
7 - (3 + (-1 + -2 - (0 + 5)))
12
Evaluate 2 - (1 + 0 - (3 + 0)).
4
Evaluate (-210 - -201) + 13 + 1 - -1.
6
Calculate 1 + -1 + 1 - 2 - (638 + -632).
-7
What is the value of -11 - (-3 - 3) - (-2 - -13)?
-16
Evaluate -11 + (5 + -3 + 7 - 10).
-12
Evaluate (-1 - (-13 + -2)) + (183 - 211).
-14
What is (40 - -5 - 3 - -1) + -7 + -5?
31
Calculate -38 + (33 - (-9 + 13)).
-9
Evaluate 152 + -178 - (1 + -39).
12
Calculate -1 + (-8 + 14 + -1 - -2).
6
(-1 - -9) + 16 + 11 + -17
18
-4 + -10 + 0 - -23
9
What is 14 + (-7 - 2) + -38?
-33
Evaluate -46 - -46 - (2 - -4 - 4).
-2
Evaluate -1 - (-2 - -3 - -1).
-3
What is the value of 0 + -6 + -4 + 1 + -5 + 3?
-11
What is 26 - (22 + -8 + 8)?
4
Evaluate 1 + 13 + -25 + 18 + -13.
-6
What is the value of -10 - (-12 - -18 - 2)?
-14
What is the value of (-12 - -5) + 1 - (-1 - 1)?
-4
0 + -4 - (2 - 4) - 10
-12
25 + 29 + -54 + -24
-24
What is the value of 12 - (-18 + 1 - -39) - (12 + 0)?
-22
What is -494 + 481 - (-1 - 10)?
-2
12 + (-28 - (21 - 41))
4
Calculate 11 + -14 - 15 - (-5 + 4).
-17
What is the value of 0 + 22 - (-614 - -667)?
-31
Calculate (-3 + -3 + 0 - 2) + -4.
-12
What is -1 - -3 - (5 - (4 - 1))?
0
What is 4 + (-3 - 7) - (-29 - -1)?
22
What is (3390 - 3409) + 1 + 0 + 7?
-11
Evaluate (22 - 25 - (1 - 5) - -5) + -12.
-6
Evaluate -367 + 350 + -1 + 10 + 0.
-8
Evaluate 6 + -6 + -12 + 9 + -1 + 4.
0
What is the value of (-21 - -27 - (-7 - 1)) + 4?
18
Evaluate 7 + 6 + -5 + (8 - 10).
6
Calculate 19 - ((-280 - -291) + -1 + 4).
5
16 - 17 - -17 - 13
3
What is 3 + -3 + (7 - 8) + -3?
-4
Evaluate 16 - 5 - ((21 - 2) + -9) - 9.
-8
Calculate (-1 - (-31 + 31)) + -5 + 3.
-3
Calculate 27 - -1 - (-472 - -525).
-25
Calculate 15 - (-1 + 6) - 0.
10
Evaluate 4 + -19 + (-15 - (3 - 22)).
-11
(-10 - (-2 - -4)) + (-39 + 44 - 20)
-27
Evaluate -10 + (-5 - -35) - (5 - 1).
16
What is -8 + 1 - -1 - (-6 + (2 - 3))?
1
Calculate (-1 - 1 - (-120 + 128)) + -16.
-26
Evaluate (-1 - 10) + 1031 + -1034.
-14
-1 + 17 + -14 + 7 - (2 - -4)
3
(1 - (8 + -1)) + (-135 - -128)
-13
Evaluate 10 + -48 - (-29 + -17 + 26).
-18
Calculate -6 + 30 + (1 - -1).
26
-14 - (-14 + 2 - 6 - -6 - -5)
-7
What is the value of -2 - (-65 + 29 + 39)?
-5
What is the value of 45 - 31 - (23 - (-7 - -7))?
-9
-2 + (3 + -15 + 1 - 0)
-13
Calculate 37 + 2 + -4 - 37.
-2
Calculate (0 - -2) + 5 - 2 - (7 - -7).
-9
Evaluate 11 + -16 - 3 - -6 - -9.
7
What is the value of -12 - ((1 - -5) + -10 + 9)?
-17
Calculate (-2 - -3) + 27 + (-887 - -887).
28
What is the value of 10 + -17 + (11 - 13)?
-9
Calculate -47 + -1 + (-37 - -64).
-21
What is 49 - (45 + -34) - 3?
35
Calculate (2 - 2 - (-3 - 0)) + 1491 + -1489.
5
What is the value of -3 + (4 + (-5 + 8 - -4) - 27)?
-19
1903 + -1862 + -15 + 0
26
Evaluate -40 + (26 - (-23 + 27)).
-18
What is the value of (-3 - (5 + -2)) + (-30 - -33) + -6?
-9
What is -9 - -5 - (3 + 1 + -1 - -1)?
-8
What is 4 - -1 - ((-53 - -2) + 37)?
19
Evaluate -1 - 12 - (-25 + 29 - 14).
-3
What is the value of -4 + (5 - -1 - (-13 + 25))?
-10
Calculate -1 - -23 - 16 - 13.
-7
What is the value of -9 + -3 + 88 + -90?
-14
Calculate 3 + -3 + -2 + 1 - (197 + -204).
6
Evaluate -22 + 10 + (-14 - -15).
-11
0 + -2 + 27 + -22
3
Evaluate -10 - ((-159 - -160) + (0 - -2) + -1).
-12
What is the value of -16 + (2 - 2) - (15 + (-38 - -19))?
-12
Evaluate 20 - (4 - -8 - -13).
-5
-5 - -13 - 16 - -10 - 25
-23
What is the value of -17 + 33 + -9 - 19?
-12
(-1 - (-1 + -11) - 1) + -24
-14
What is the value of (-1 + 5 + 7 + -17 - -2) + 6?
2
Calculate -1 - -35 - (-72 + 126).
-20
-1 - 21 - (-435 - -433)
-20
-1 + (4 - (-15 + 1) - 15)
2
Calculate -4 + 4 + 5 + 0 - 11.
-6
-20 + 14 - (-14 + 0)
8
What is the value of 43 + (-8 - (-14 - -30))?
19
Evaluate -29 + (3 - 8) + 40.
6
What is the value of 34 + 14 + -15 + -22?
11
Calculate -5 + -7 - -23 - (2 - -2).
7
What is (12 - (44 + 18)) + 23?
-27
What is -2 + (-2 - -12) + (-4 - 31)?
-27
2 + -9 - -3 - -4 - (9 + -6)
-3
(6 - (-3 + 15 + 1)) + -13
-20
-161 + 171 + (-12 - -16 - (1 + 0))
13
7 + 4 + 2 + (-8 - (-1 - 6))
12
Calculate -2 - -1 - 0 - (147 - 145).
-3
What is -13 - -4 - (-1 - 2 - 7)?
1
Evaluate -3 + (-19 - -5) + 11.
-6
What is -13 + 23 + 36 - 14?
32
What is (-10 - -15) + (3 + -2 - 1) + -4?
1
What is 37 + -25 - 52 - -45?
5
Evaluate (11 - ((2 + 14 - 6) + -5)) + 5.
11
What is 8 + 8 + -59 + 28?
-15
8 - (-3 - 0) - ((-7 - -9) + 3)
6
Calculate 3 - 6 - (24 - 18).
-9
Evaluate (8 - 7) + (-7 - 8) + 1 + -7.
-20
What is -51 - (-49 - (-21 - -1))?
-22
Evaluate -6 - (-2 - -9) - (-4 + (-4 - -4)).
-9
Calculate -7 + (3 - -12 - 2).
6
What is 2 + -19 - (12 - -16 - 21